{"id":15,"date":"2023-12-13T15:24:40","date_gmt":"2023-12-13T14:24:40","guid":{"rendered":"http:\/\/www.choeurmontansier.com\/?page_id=15"},"modified":"2026-02-03T17:03:54","modified_gmt":"2026-02-03T16:03:54","slug":"presentation","status":"publish","type":"page","link":"https:\/\/www.choeurmontansier.com\/index.php\/presentation\/","title":{"rendered":"Pr\u00e9sentation"},"content":{"rendered":"<div class=\"vce-row-container\" data-vce-boxed-width=\"true\"><div class=\"vce-row vce-row--col-gap-30 vce-row-equal-height vce-row-content--top\" id=\"el-0e27acdc\" data-vce-do-apply=\"all el-0e27acdc\"><div class=\"vce-row-content\" data-vce-element-content=\"true\"><div class=\"vce-col vce-col--md-auto vce-col--xs-1 vce-col--xs-last vce-col--xs-first vce-col--sm-last vce-col--sm-first vce-col--md-last vce-col--lg-last vce-col--xl-last vce-col--md-first vce-col--lg-first vce-col--xl-first\" id=\"el-02db3a1b\"><div class=\"vce-col-inner\" data-vce-do-apply=\"border margin background  el-02db3a1b\"><div class=\"vce-col-content\" data-vce-element-content=\"true\" data-vce-do-apply=\"padding el-02db3a1b\"><div class=\"vce-text-block\"><div class=\"vce-text-block-wrapper vce\" id=\"el-85ffb512\" data-vce-do-apply=\"all el-85ffb512\">\r\n<figure class=\"wp-block-image size-large\"><img loading=\"lazy\" decoding=\"async\" width=\"1024\" height=\"768\" class=\"wp-image-60\" src=\"https:\/\/www.choeurmontansier.com\/wp-content\/uploads\/2023\/12\/IMG_5660-1024x768.jpeg\" alt=\"\" srcset=\"https:\/\/www.choeurmontansier.com\/wp-content\/uploads\/2023\/12\/IMG_5660-1024x768.jpeg 1024w, https:\/\/www.choeurmontansier.com\/wp-content\/uploads\/2023\/12\/IMG_5660-300x225.jpeg 300w, https:\/\/www.choeurmontansier.com\/wp-content\/uploads\/2023\/12\/IMG_5660-768x576.jpeg 768w, https:\/\/www.choeurmontansier.com\/wp-content\/uploads\/2023\/12\/IMG_5660-1536x1152.jpeg 1536w, https:\/\/www.choeurmontansier.com\/wp-content\/uploads\/2023\/12\/IMG_5660-2048x1536.jpeg 2048w, https:\/\/www.choeurmontansier.com\/wp-content\/uploads\/2023\/12\/IMG_5660-320x240.jpeg 320w, https:\/\/www.choeurmontansier.com\/wp-content\/uploads\/2023\/12\/IMG_5660-480x360.jpeg 480w, https:\/\/www.choeurmontansier.com\/wp-content\/uploads\/2023\/12\/IMG_5660-800x600.jpeg 800w\" sizes=\"auto, (max-width: 1024px) 100vw, 1024px\" \/><\/figure>\r\n\r\n<div class=\"page\" title=\"Page 2\">\r\n<div class=\"section\">\r\n<div class=\"layoutArea\">\r\n<p style=\"text-align: justify;\">Le Ch\u0153ur <em>Montansier<\/em>, cr\u00e9\u00e9 en 1988, est l\u2019une des plus anciennes chorales de Versailles. Il se compose d\u2019une vingtaine de choristes, amateurs passionn\u00e9s, sous la direction, depuis 2021, de Jan Krej\u010d\u00edk.<\/p>\r\n<p style=\"text-align: justify;\">Le Ch\u0153ur explore les r\u00e9pertoires baroque, classique, romantique et contemporain.<\/p>\r\n<p style=\"text-align: justify;\"><span style=\"color: #000000;\"><strong><em>Activit\u00e9s du Choeur<\/em><\/strong><\/span><\/p>\r\n<p style=\"text-align: justify;\">Le Ch\u0153ur <em>Montansier<\/em> pr\u00e9pare au cours de chaque saison plusieurs programmes de concert.<\/p>\r\n<p style=\"text-align: justify;\">Il s\u2019entoure d\u2019artistes professionnels de la musique et de la sce\u0300ne pour construire, avec un souci d\u2019exigence et de qualite\u0301, ses propres spectacles-concerts. Tels la Misa Tango de Martin Palmeri, la Messe en r\u00e9 majeur d\u2019Anton Dvo\u0159\u00e1k, ou des oeuvres de musique profane, de Monteverdi \u00e0 Ravel et Messiaen.<\/p>\r\n<p style=\"text-align: justify;\">Des \u00e9changes avec des chorales europ\u00e9ennes sont l\u2019occasion de partager une passion commune pour la musique, de travailler et chanter ensemble en concert, mais aussi de de\u0301couvrir d\u2019autres facettes de la culture europe\u0301enne.<\/p>\r\n<p style=\"text-align: justify;\">En mai 2022, un jumelage avec le choeur praguois <em>Vox Nymburgensis<\/em> a donn\u00e9 lieu \u00e0 une tourne\u0301e en Tche\u0301quie. Deux concerts communs ont \u00e9t\u00e9 donn\u00e9s, au couvent Dominicain de Prague et a\u0300 l\u2019e\u0301glise St Gilis de Nymburk. Le choeur <em>Montansier<\/em> a accueilli <em>Vox Nymburgensis<\/em> en octobre 2022 pour deux concerts \u00e0 Versailles. Ce s\u00e9jour a \u00e9t\u00e9 l'occasion de faire de\u0301couvrir et partager le meilleur de notre culture, de notre ville et de notre re\u0301gion.<\/p>\r\n<p style=\"text-align: justify;\">En 2024, c'est avec le choeur berlinois <em>Vokalkolleg<\/em> qu'un partenariat a \u00e9t\u00e9 nou\u00e9. Des concerts communs ont \u00e9t\u00e9 donn\u00e9s \u00e0 Paris, \u00e0 l'\u00e9glise Saint Roch, puis \u00e0 Potsdam, \u00e0 l'\u00e9glise Saint Nicolas, et enfin \u00e0 Berlin, \u00e0 l'\u00e9glise Saint Luc.<\/p>\r\n<p style=\"text-align: justify;\">Le Ch\u0153ur est toujours au rendez-vous du <em>Mois Moli\u00e8re<\/em>, organis\u00e9 par la ville de Versailles, et chante re\u0301gulie\u0300rement en concert pour les pensionnaires de l\u2019EHPAD Richaud de Versailles, qui l\u2019accueille depuis plusieurs ann\u00e9es pour ses r\u00e9p\u00e9titions.<\/p>\r\n<p style=\"text-align: justify;\"><span style=\"color: #000000;\"><strong><em>L\u2019histoire du Ch\u0153ur, ses participations \u00e0 des cr\u00e9ations th\u00e9\u00e2trales&nbsp;<\/em><\/strong><\/span><\/p>\r\n<p style=\"text-align: justify;\">Cre\u0301e\u0301 en 1988 par Juliette He\u0301naff, le Ch\u0153ur du <em>Conservatoire de Versailles<\/em> est devenu Ch\u0153ur <em>Montansier<\/em> en 2009, lorsque Jean- Daniel Laval, directeur du The\u0301a\u0302tre <em>Montansier<\/em> de Versailles, lui proposa d'en devenir partenaire et de se produire sur cette sce\u0300ne historique.<\/p>\r\n<p style=\"text-align: justify;\">Le choeur <em>Montansier<\/em> a ainsi contribue\u0301 a\u0300 plusieurs cre\u0301ations au th\u00e9\u00e2tre Montansier avec <em>La Compagnie de la Reine<\/em> :<\/p>\r\n<ul style=\"text-align: justify;\">\r\n<li><em>Le Marchand de Venise<\/em>, de Shakespeare (2009)<\/li>\r\n<li><em>L\u2019Ope\u0301ra de Quat\u2019Sous, <\/em>de Bertolt Brecht et Kurt Weill (2011)<\/li>\r\n<li><em>L\u2019annonce faite a\u0300 Marie<\/em>, de Paul Claudel (2012)<\/li>\r\n<\/ul>\r\n<p style=\"text-align: justify;\">Poursuivant cette exp\u00e9rience, le choeur <em>Montansier<\/em> a pris part en 2019 \u00e0 une cr\u00e9ation du <em>Capitaine Fracasse<\/em> avec la <em>Compagnie de l\u2019Eternel Ete\u0301. <\/em>Cette adpatation de l'oeuvre de The\u0301ophile Gautier \u00e9tait mise en sc\u00e8ne par Beno\u00eet Gruel et faisait l'ouverture du <em>Mois Moli\u00e8re<\/em>.<\/p>\r\n<p style=\"text-align: justify;\">&nbsp;<\/p>\r\n<\/div>\r\n<\/div>\r\n<\/div><\/div><\/div><\/div><\/div><\/div><\/div><\/div><\/div>","protected":false},"excerpt":{"rendered":"<p>Le Ch\u0153ur Montansier, cr\u00e9\u00e9 en 1988, est l\u2019une des plus anciennes chorales de Versailles. Il se compose d\u2019une vingtaine de choristes, amateurs passionn\u00e9s, sous la direction, depuis 2021, de Jan Krej\u010d\u00edk. Le Ch\u0153ur explore les r\u00e9pertoires baroque, classique, romantique et contemporain. Activit\u00e9s du Choeur Le Ch\u0153ur Montansier pr\u00e9pare au cours de chaque saison plusieurs programmes [&hellip;]<\/p>\n","protected":false},"author":1,"featured_media":0,"parent":0,"menu_order":0,"comment_status":"closed","ping_status":"closed","template":"","meta":{"footnotes":""},"class_list":["post-15","page","type-page","status-publish","hentry"],"_links":{"self":[{"href":"https:\/\/www.choeurmontansier.com\/index.php\/wp-json\/wp\/v2\/pages\/15","targetHints":{"allow":["GET"]}}],"collection":[{"href":"https:\/\/www.choeurmontansier.com\/index.php\/wp-json\/wp\/v2\/pages"}],"about":[{"href":"https:\/\/www.choeurmontansier.com\/index.php\/wp-json\/wp\/v2\/types\/page"}],"author":[{"embeddable":true,"href":"https:\/\/www.choeurmontansier.com\/index.php\/wp-json\/wp\/v2\/users\/1"}],"replies":[{"embeddable":true,"href":"https:\/\/www.choeurmontansier.com\/index.php\/wp-json\/wp\/v2\/comments?post=15"}],"version-history":[{"count":18,"href":"https:\/\/www.choeurmontansier.com\/index.php\/wp-json\/wp\/v2\/pages\/15\/revisions"}],"predecessor-version":[{"id":781,"href":"https:\/\/www.choeurmontansier.com\/index.php\/wp-json\/wp\/v2\/pages\/15\/revisions\/781"}],"wp:attachment":[{"href":"https:\/\/www.choeurmontansier.com\/index.php\/wp-json\/wp\/v2\/media?parent=15"}],"curies":[{"name":"wp","href":"https:\/\/api.w.org\/{rel}","templated":true}]}}