{"id":18,"date":"2023-12-13T15:25:12","date_gmt":"2023-12-13T14:25:12","guid":{"rendered":"http:\/\/www.choeurmontansier.com\/?page_id=18"},"modified":"2025-12-01T15:54:56","modified_gmt":"2025-12-01T14:54:56","slug":"notre-chef","status":"publish","type":"page","link":"https:\/\/www.choeurmontansier.com\/index.php\/notre-chef\/","title":{"rendered":"Chef de choeur"},"content":{"rendered":"<div class=\"vce-row-container\" data-vce-boxed-width=\"true\"><div class=\"vce-row vce-row--col-gap-30 vce-row-equal-height vce-row-content--top\" id=\"el-507da268\" data-vce-do-apply=\"all el-507da268\"><div class=\"vce-row-content\" data-vce-element-content=\"true\"><div class=\"vce-col vce-col--md-auto vce-col--xs-1 vce-col--xs-last vce-col--xs-first vce-col--sm-last vce-col--sm-first vce-col--md-last vce-col--lg-last vce-col--xl-last vce-col--md-first vce-col--lg-first vce-col--xl-first\" id=\"el-90bd0efc\"><div class=\"vce-col-inner\" data-vce-do-apply=\"border margin background  el-90bd0efc\"><div class=\"vce-col-content\" data-vce-element-content=\"true\" data-vce-do-apply=\"padding el-90bd0efc\"><div class=\"vce-text-block\"><div class=\"vce-text-block-wrapper vce\" id=\"el-b842cb04\" data-vce-do-apply=\"all el-b842cb04\">\n<figure class=\"wp-block-image aligncenter size-full is-resized\"><img loading=\"lazy\" decoding=\"async\" width=\"459\" height=\"459\" class=\"wp-image-525\" style=\"width: 397px; height: auto;\" src=\"https:\/\/www.choeurmontansier.com\/wp-content\/uploads\/2025\/07\/FCLG4452-1-e1752505424957.jpg\" alt=\"\" srcset=\"https:\/\/www.choeurmontansier.com\/wp-content\/uploads\/2025\/07\/FCLG4452-1-e1752505424957.jpg 459w, https:\/\/www.choeurmontansier.com\/wp-content\/uploads\/2025\/07\/FCLG4452-1-e1752505424957-300x300.jpg 300w, https:\/\/www.choeurmontansier.com\/wp-content\/uploads\/2025\/07\/FCLG4452-1-e1752505424957-150x150.jpg 150w, https:\/\/www.choeurmontansier.com\/wp-content\/uploads\/2025\/07\/FCLG4452-1-e1752505424957-320x320.jpg 320w\" sizes=\"auto, (max-width: 459px) 100vw, 459px\" \/><\/figure>\n\n<p class=\"has-text-align-left\"><strong>Jan Krej\u010d\u00edk a pris la direction du&nbsp;<em>Ch\u0153ur Montansier<\/em>&nbsp;en septembre 2021.<\/strong><\/p>\n\n<div class=\"wp-block-spacer\" style=\"height: 35px;\" aria-hidden=\"true\">&nbsp;<\/div>\n\n<p>&nbsp;<\/p>\n\n<p class=\"has-text-align-left\">Jan Krej\u010d\u00edk est dipl\u00f4m\u00e9 de l\u2019Acad\u00e9mie de Musique de Prague et du C.N.S.M. de Paris, en composition et en direction d\u2019orchestre. Il est membre de la Section artistique de la Casa de Vel\u00e1zquez \u2013 promotion 2009-2011.<\/p>\n\n<div class=\"wp-block-spacer\" style=\"height: 30px;\" aria-hidden=\"true\">&nbsp;<\/div>\n\n<p class=\"has-text-align-left\">Parall\u00e8lement \u00e0 sa carri\u00e8re de compositeur, Jan Krej\u010d\u00edk a dirig\u00e9 les ensembles vocaux Vox Nymburgensis et Canti di Praga, et a \u00e9t\u00e9 l\u2019assistant du chef de la Ma\u00eetrise Philharmonique de Prague.&nbsp;Il a dirig\u00e9 les ateliers de musique contemporaine au C.N.S.M. de Paris entre 2007 et 2009.<\/p>\n\n<div class=\"wp-block-spacer\" style=\"height: 30px;\" aria-hidden=\"true\">&nbsp;<\/div>\n\n<p>&nbsp;<\/p>\n\n<p class=\"has-text-align-left\">Jan Krej\u010d\u00edk est membre fondateur de l\u2019ensemble&nbsp;<a href=\"https:\/\/resonances.ooo\/wp\/\"><em>R\u00e9s(O)nances<\/em><\/a>, collectif qui fait r\u00e9sonner la musique avec la peinture, la sculpture et la litt\u00e9rature, pour une nouvelle d\u00e9finition du spectacle contemporain.<\/p>\n\n<div class=\"wp-block-spacer\" style=\"height: 25px;\" aria-hidden=\"true\">&nbsp;<\/div>\n\n<p>&nbsp;<\/p>\n<\/div><\/div><\/div><\/div><\/div><\/div><\/div><\/div>","protected":false},"excerpt":{"rendered":"<p>Jan Krej\u010d\u00edk a pris la direction du&nbsp;Ch\u0153ur Montansier&nbsp;en septembre 2021. &nbsp; Jan Krej\u010d\u00edk est dipl\u00f4m\u00e9 de l\u2019Acad\u00e9mie de Musique de Prague et du C.N.S.M. de Paris, en composition et en direction d\u2019orchestre. Il est membre de la Section artistique de la Casa de Vel\u00e1zquez \u2013 promotion 2009-2011. Parall\u00e8lement \u00e0 sa carri\u00e8re de compositeur, Jan Krej\u010d\u00edk [&hellip;]<\/p>\n","protected":false},"author":1,"featured_media":0,"parent":0,"menu_order":0,"comment_status":"closed","ping_status":"closed","template":"","meta":{"footnotes":""},"class_list":["post-18","page","type-page","status-publish","hentry"],"_links":{"self":[{"href":"https:\/\/www.choeurmontansier.com\/index.php\/wp-json\/wp\/v2\/pages\/18","targetHints":{"allow":["GET"]}}],"collection":[{"href":"https:\/\/www.choeurmontansier.com\/index.php\/wp-json\/wp\/v2\/pages"}],"about":[{"href":"https:\/\/www.choeurmontansier.com\/index.php\/wp-json\/wp\/v2\/types\/page"}],"author":[{"embeddable":true,"href":"https:\/\/www.choeurmontansier.com\/index.php\/wp-json\/wp\/v2\/users\/1"}],"replies":[{"embeddable":true,"href":"https:\/\/www.choeurmontansier.com\/index.php\/wp-json\/wp\/v2\/comments?post=18"}],"version-history":[{"count":19,"href":"https:\/\/www.choeurmontansier.com\/index.php\/wp-json\/wp\/v2\/pages\/18\/revisions"}],"predecessor-version":[{"id":710,"href":"https:\/\/www.choeurmontansier.com\/index.php\/wp-json\/wp\/v2\/pages\/18\/revisions\/710"}],"wp:attachment":[{"href":"https:\/\/www.choeurmontansier.com\/index.php\/wp-json\/wp\/v2\/media?parent=18"}],"curies":[{"name":"wp","href":"https:\/\/api.w.org\/{rel}","templated":true}]}}

<div class="vce-row-container" data-vce-boxed-width="true"><div class="vce-row vce-row--col-gap-30 vce-row-equal-height vce-row-content--top" id="el-507da268" data-vce-do-apply="all el-507da268"><div class="vce-row-content" data-vce-element-content="true"><div class="vce-col vce-col--md-auto vce-col--xs-1 vce-col--xs-last vce-col--xs-first vce-col--sm-last vce-col--sm-first vce-col--md-last vce-col--lg-last vce-col--xl-last vce-col--md-first vce-col--lg-first vce-col--xl-first" id="el-90bd0efc"><div class="vce-col-inner" data-vce-do-apply="border margin background  el-90bd0efc"><div class="vce-col-content" data-vce-element-content="true" data-vce-do-apply="padding el-90bd0efc"><div class="vce-text-block"><div class="vce-text-block-wrapper vce" id="el-b842cb04" data-vce-do-apply="all el-b842cb04">
<figure class="wp-block-image aligncenter size-full is-resized"><img loading="lazy" decoding="async" width="459" height="459" class="wp-image-525" style="width: 397px; height: auto;" src="https://www.choeurmontansier.com/wp-content/uploads/2025/07/FCLG4452-1-e1752505424957.jpg" alt="" srcset="https://www.choeurmontansier.com/wp-content/uploads/2025/07/FCLG4452-1-e1752505424957.jpg 459w, https://www.choeurmontansier.com/wp-content/uploads/2025/07/FCLG4452-1-e1752505424957-300x300.jpg 300w, https://www.choeurmontansier.com/wp-content/uploads/2025/07/FCLG4452-1-e1752505424957-150x150.jpg 150w, https://www.choeurmontansier.com/wp-content/uploads/2025/07/FCLG4452-1-e1752505424957-320x320.jpg 320w" sizes="auto, (max-width: 459px) 100vw, 459px" /></figure>

<p class="has-text-align-left"><strong>Jan Krejčík a pris la direction du&nbsp;<em>Chœur Montansier</em>&nbsp;en septembre 2021.</strong></p>

<div class="wp-block-spacer" style="height: 35px;" aria-hidden="true">&nbsp;</div>

<p>&nbsp;</p>

<p class="has-text-align-left">Jan Krejčík est diplômé de l’Académie de Musique de Prague et du C.N.S.M. de Paris, en composition et en direction d’orchestre. Il est membre de la Section artistique de la Casa de Velázquez – promotion 2009-2011.</p>

<div class="wp-block-spacer" style="height: 30px;" aria-hidden="true">&nbsp;</div>

<p class="has-text-align-left">Parallèlement à sa carrière de compositeur, Jan Krejčík a dirigé les ensembles vocaux Vox Nymburgensis et Canti di Praga, et a été l’assistant du chef de la Maîtrise Philharmonique de Prague.&nbsp;Il a dirigé les ateliers de musique contemporaine au C.N.S.M. de Paris entre 2007 et 2009.</p>

<div class="wp-block-spacer" style="height: 30px;" aria-hidden="true">&nbsp;</div>

<p>&nbsp;</p>

<p class="has-text-align-left">Jan Krejčík est membre fondateur de l’ensemble&nbsp;<a href="https://resonances.ooo/wp/"><em>Rés(O)nances</em></a>, collectif qui fait résonner la musique avec la peinture, la sculpture et la littérature, pour une nouvelle définition du spectacle contemporain.</p>

<div class="wp-block-spacer" style="height: 25px;" aria-hidden="true">&nbsp;</div>

<p>&nbsp;</p>
</div></div></div></div></div></div></div></div>

<p>Jan Krejčík a pris la direction du&nbsp;Chœur Montansier&nbsp;en septembre 2021. &nbsp; Jan Krejčík est diplômé de l’Académie de Musique de Prague et du C.N.S.M. de Paris, en composition et en direction d’orchestre. Il est membre de la Section artistique de la Casa de Velázquez – promotion 2009-2011. Parallèlement à sa carrière de compositeur, Jan Krejčík [&hellip;]</p>
