{"id":362,"date":"2025-03-24T16:01:44","date_gmt":"2025-03-24T15:01:44","guid":{"rendered":"https:\/\/www.choeurmontansier.com\/?page_id=362"},"modified":"2026-04-03T18:57:49","modified_gmt":"2026-04-03T16:57:49","slug":"actualites","status":"publish","type":"page","link":"https:\/\/www.choeurmontansier.com\/","title":{"rendered":"Mois Moli\u00e8re 2026"},"content":{"rendered":"\n<p style=\"font-size:2rem\"><em>Cosi fan tutte<\/em><\/p>\n\n\n\n<p style=\"font-size:1.5rem\">Op\u00e9ra de Wolfgang Amadeus Mozart, en version courte<\/p>\n\n\n\n<p style=\"font-size:1.5rem\">Les 8 et 9 juin \u00e0 20h30, \u00e0 La Rotonde, 5 rue Royale<\/p>\n\n\n\n<p><\/p>\n\n\n\n<p style=\"font-size:1.4rem\"><strong>R\u00e9servation<\/strong> <\/p>\n\n\n\n<p style=\"font-size:1.3rem\">lundi 8 juin : <a href=\"https:\/\/www.helloasso.com\/associations\/doux-octobre-choeur-montansier\/evenements\/cosi-fan-tutte-mois-moliere\">Cosi fan tutte lundi 8<\/a><\/p>\n\n\n\n<p><\/p>\n\n\n\n<p style=\"font-size:1.3rem\">mardi 9 juin : <a href=\"https:\/\/www.helloasso.com\/associations\/doux-octobre-choeur-montansier\/evenements\/cosi-fan-tutte-9-juin-2026-mois-moliere\">Cosi fan tutte mardi 9<\/a><\/p>\n\n\n\n<div style=\"height:19px\" aria-hidden=\"true\" class=\"wp-block-spacer\"><\/div>\n\n\n\n<p style=\"font-size:1.3rem\">Sc\u00e9nographi\u00e9 avec danse, chant et parole.<\/p>\n\n\n\n<p style=\"font-size:1.3rem\">Avec le Choeur Montansier et l&rsquo;Atelier lyrique du 3 ND<\/p>\n\n\n\n<p style=\"font-size:1.3rem\">Direction : Marie Kopecka Verhoeven<br>Piano : Jan Krej\u010dik<\/p>\n\n\n\n<figure class=\"wp-block-image size-large\"><img loading=\"lazy\" decoding=\"async\" width=\"1024\" height=\"742\" src=\"http:\/\/www.choeurmontansier.com\/wp-content\/uploads\/2026\/02\/Cosi-fan-tutte-2026-1024x742.jpg\" alt=\"\" class=\"wp-image-768\" srcset=\"https:\/\/www.choeurmontansier.com\/wp-content\/uploads\/2026\/02\/Cosi-fan-tutte-2026-1024x742.jpg 1024w, https:\/\/www.choeurmontansier.com\/wp-content\/uploads\/2026\/02\/Cosi-fan-tutte-2026-300x217.jpg 300w, https:\/\/www.choeurmontansier.com\/wp-content\/uploads\/2026\/02\/Cosi-fan-tutte-2026-768x556.jpg 768w, https:\/\/www.choeurmontansier.com\/wp-content\/uploads\/2026\/02\/Cosi-fan-tutte-2026-1536x1113.jpg 1536w, https:\/\/www.choeurmontansier.com\/wp-content\/uploads\/2026\/02\/Cosi-fan-tutte-2026-2048x1483.jpg 2048w, https:\/\/www.choeurmontansier.com\/wp-content\/uploads\/2026\/02\/Cosi-fan-tutte-2026-320x232.jpg 320w, https:\/\/www.choeurmontansier.com\/wp-content\/uploads\/2026\/02\/Cosi-fan-tutte-2026-480x348.jpg 480w, https:\/\/www.choeurmontansier.com\/wp-content\/uploads\/2026\/02\/Cosi-fan-tutte-2026-800x579.jpg 800w\" sizes=\"auto, (max-width: 1024px) 100vw, 1024px\" \/><\/figure>\n\n\n\n<p class=\"has-text-align-left\"><\/p>\n","protected":false},"excerpt":{"rendered":"<p>Cosi fan tutte Op\u00e9ra de Wolfgang Amadeus Mozart, en version courte Les 8 et 9 juin \u00e0 20h30, \u00e0 La Rotonde, 5 rue Royale R\u00e9servation lundi 8 juin : Cosi fan tutte lundi 8 mardi 9 juin : Cosi fan tutte mardi 9 Sc\u00e9nographi\u00e9 avec danse, chant et parole. Avec le Choeur Montansier et l&rsquo;Atelier [&hellip;]<\/p>\n","protected":false},"author":1,"featured_media":0,"parent":0,"menu_order":0,"comment_status":"closed","ping_status":"closed","template":"","meta":{"footnotes":""},"class_list":["post-362","page","type-page","status-publish","hentry"],"_links":{"self":[{"href":"https:\/\/www.choeurmontansier.com\/index.php\/wp-json\/wp\/v2\/pages\/362","targetHints":{"allow":["GET"]}}],"collection":[{"href":"https:\/\/www.choeurmontansier.com\/index.php\/wp-json\/wp\/v2\/pages"}],"about":[{"href":"https:\/\/www.choeurmontansier.com\/index.php\/wp-json\/wp\/v2\/types\/page"}],"author":[{"embeddable":true,"href":"https:\/\/www.choeurmontansier.com\/index.php\/wp-json\/wp\/v2\/users\/1"}],"replies":[{"embeddable":true,"href":"https:\/\/www.choeurmontansier.com\/index.php\/wp-json\/wp\/v2\/comments?post=362"}],"version-history":[{"count":40,"href":"https:\/\/www.choeurmontansier.com\/index.php\/wp-json\/wp\/v2\/pages\/362\/revisions"}],"predecessor-version":[{"id":790,"href":"https:\/\/www.choeurmontansier.com\/index.php\/wp-json\/wp\/v2\/pages\/362\/revisions\/790"}],"wp:attachment":[{"href":"https:\/\/www.choeurmontansier.com\/index.php\/wp-json\/wp\/v2\/media?parent=362"}],"curies":[{"name":"wp","href":"https:\/\/api.w.org\/{rel}","templated":true}]}}